ve b(m).
2
Let y(l) = l**2 + 3*l - 2. Let x(j) = -j**2 - 7*j - 6. Let d be x(-6). Suppose d*c - 6 = 2*c. What is y(c)?
-2
Let f(k) be the first derivative of k**2/2 + 6*k - 20. Let v be (-2)/8 + 13/4. Suppose -8 = -n + v*n. Determine f(n).
2
Let y(h) = h**3 - 7*h**2 + 7*h + 2. Let m(k) = 2*k**2 + 2*k - 6. Suppose -3 = 2*d + 3. Let n be m(d). Calculate y(n).
8
Let h be ((-6)/(-4))/((-9)/(-12)). Let b(w) = 4*w**2 - 3*w**2 - 3*w**3 - 4*w**h + 2 + 5*w**3 - w. Let i be (1/1 - 1) + 2. What is b(i)?
4
Let f(v) = v**3 + v. Suppose 0*o - g = o, 2*o = 2*g. What is f(o)?
0
Let c(k) be the second derivative of -k**5/20 + 5*k**4/12 - k**3/3 + k**2 - 10*k. What is c(3)?
14
Let f(i) = -6*i**3 + 14*i**2 - 3. Let r(s) = 2*s**3 - 5*s**2 + 1. Let p(m) = 4*f(m) + 11*r(m). Determine p(-1).
2
Suppose 5*a + 5 = -0. Let o = a - 0. Let n(r) = 6*r - 5*r - 1 + 7*r. What is n(o)?
-9
Let p(h) be the first derivative of -h**4/4 - 2*h**3 - 2*h**2 - 5*h - 3. Suppose -w + 3*n = -12, -2*n = 2*w - 0*w - 24. Let l = w - 17. Give p(l).
-10
Suppose -4*r - 5*g = 35 - 7, -5*r - 35 = 4*g. Let d(b) = b**3 + 7*b**2 - 2*b - 8. What is d(r)?
6
Suppose 0 = 3*s + 4 + 8. Let z(v) = -v**2 - 6*v. Determine z(s).
8
Let w(x) = x**3 + 3*x**2 - 3*x + 8. Let j(z) = -7 - z**3 + 0*z - 8*z**2 + 5*z**2 + 4*z. Let g(h) = 3*j(h) + 2*w(h). What is g(-5)?
15
Suppose -4*b + 2*c - 22 = 0, -6 = 3*b - c + 10. Let k(j) = j + 5. Give k(b).
0
Suppose -17 + 1 = -4*n. Let b(h) = 2*h - 2 + 0*h + 5 + n*h. Calculate b(-3).
-15
Let w(b) = -305 + b**3 + 4*b**2 + 300 - 3*b + 2*b**2 + 6*b. What is w(-4)?
15
Let o(g) = g - 2. Let r be o(0). Let j be (2 + (-1 - -1))*1. Let v(p) = p**3 - 2 - p - 2*p + j*p**2 + p**3. Calculate v(r).
-4
Let z(a) = -a - 2. Let b(o) = -4. Let p(m) = b(m) - 2*z(m). Suppose 0 = r - 3*r + 12. Calculate p(r).
12
Let i(m) = 2*m**2 - 5. Let a(l) = -l**2 + 3. Let r(u) = 8*a(u) + 5*i(u). Calculate r(1).
1
Let h(w) be the third derivative of 0*w - 1/30*w**5 - 5/24*w**4 + 0 - 1/3*w**3 + 2*w**2. What is h(-3)?
-5
Let n(k) = -2*k**2 + 4. Let o be n(2). Let q(s) = s**2 + 4*s - 1. Calculate q(o).
-1
Let b(t) = t**3 + 3*t**2 - 5*t - 3. Let f(n) = 2*n**2 - 3*n. Let h be f(2). Let r(y) = 5*y**2. Let l be r(h). Suppose -3*a - l = 2*a. What is b(a)?
1
Let v(x) = -x + 3. Let z = 40 + -36. Determine v(z).
-1
Let v(h) be the third derivative of h**4/24 + 5*h**2. Let t(y) = 3*y**3 - y**2. Let o be t(1). What is v(o)?
2
Let k(v) = -5*v**2 + 4*v - 4. Let t(m) = 4*m**2 - 3*m + 3. Let q(n) = -3*k(n) - 4*t(n). Give q(2).
-4
Let v(g) = -3*g - 1. Let k be v(-1). Let w = 4 - 2. Let q(z) = z - 2 + 0*z**2 + 0*z**w + z**2. Give q(k).
4
Let i(g) be the third derivative of -g**5/60 - g**4/4 + g**3/2 + 9*g**2. Calculate i(-7).
-4
Let w(x) = -2*x + 3*x + 0*x - 2*x. What is w(4)?
-4
Let b(c) = -c**2 + 4*c - 1. Let w be b(3). Let u(y) = -2*y**2 + 2*y**3 + 4*y**2 - y**3 - 3*y**3 + 2 - 2*y. What is u(w)?
-10
Let i(b) = b**3 - 5*b**2 + 6*b - 4. Suppose 3*s - 21 = 5*o, -3*o + 2*s = 2 + 10. Let r = 10 + o. Determine i(r).
4
Suppose s + 7 = 31. Let x be (-18)/(-4)*16/s. Let b(i) = -2*i**2 + 6*i**2 + 0*i**2 - 3*i - 4 - i**3. What is b(x)?
-4
Suppose -5*n + 2*n = 12, 5*n = -4*u - 40. Let z be u - (-1 - (0 - 1)). Let m(c) = c**3 + 4*c**2 - 6*c + 1. What is m(z)?
6
Let i = 22 + -21. Suppose -4*y = -3*n + 25, -n - n = -2*y - 14. Let q(j) = -4 - n - 3*j + 6. What is q(i)?
-4
Suppose 2 = -3*f - 7. Let j(q) = 32 - 88 + 30 - q + 24. Determine j(f).
1
Let u(y) = y - 10. Let z be (-1 + -1)*(-14)/4. Give u(z).
-3
Let r(t) be the second derivative of t**5/20 - t**4/2 - t**3/6 + 4*t**2 - t. Give r(6).
2
Let m(f) be the second derivative of f**3/3 - 5*f**2 + 2*f. Let w(n) = -n + 15. Let c be w(8). Calculate m(c).
4
Suppose 0 = -2*u - 8*u - 20. Let q(f) = -f**3 - f**2 + 4*f + 3. Calculate q(u).
-1
Let c(o) be the second derivative of 0 + 1/6*o**3 + 2*o + 5/2*o**2 - 1/12*o**4. Determine c(4).
-7
Let f(z) = -z**2 - 11*z + 2. Let d(n) = n**2 + 12*n - 3. Let h(g) = 3*d(g) + 4*f(g). What is h(-7)?
6
Let j(h) = -3*h - 4. Let m = 7 - 11. Give j(m).
8
Let g be ((-4)/(-3))/(2/3). Let d(t) be the third derivative of t**5/20 - t**4/8 + 5*t**2. Give d(g).
6
Let d(f) be the first derivative of -f**4/4 - f**2/2 + f + 2. Let h(t) = 7*t**3 - 5*t**2 + 3*t + 1. Let r(q) = -6*d(q) - h(q). Give r(5).
8
Let k(o) be the second derivative of -2*o**3/3 - o**2/2 + 2*o. Suppose -5*b + 1 = -4. Determine k(b).
-5
Let g = -4 - -8. Let s(r) = -g*r + 7*r - 5 - 2*r. Let z be (16/6)/((-2)/(-3)). Calculate s(z).
-1
Let h(g) = 4*g**3. Let j be h(1). Suppose 4*z - 28 + 12 = 0. Let d(c) = 0*c - 3*c + z + c**2 + 0*c. Determine d(j).
8
Let i(g) = -g**3 - 7*g**2 - 6*g - 3. Suppose -6 - 12 = 3*v. Calculate i(v).
-3
Suppose 0*g - 3*g + 9 = 0. Let k(s) = 7*s**3 + 4*s**2 + 2 - s - 4*s**2 - 4*s**2 - 6*s**g. Suppose 15 = 5*l - 5. Give k(l).
-2
Let u(k) = -6*k - 2*k - 49 - k**3 + 51 - 9*k**2. Determine u(-8).
2
Let m(u) = 0*u - u - 43 + 45. What is m(-7)?
9
Let f(n) = -3*n**2 + 10*n + 7. Let d(k) = -4*k**2 + 11*k + 8. Let z(x) = 4*d(x) - 5*f(x). Determine z(-5).
2
Let m(p) = 1 - 7 + 3 - p + 7. Calculate m(-5).
9
Suppose 5*w - 3*x - 4 = 15, 5*w + 2*x - 4 = 0. Let z(k) be the third derivative of -k**5/60 + k**4/12 - k**3/6 + 3*k**2. Calculate z(w).
-1
Let x(c) = c**2 - c - 1. Let p be x(-2). Suppose 3 = w + y - 3, 2*w + p*y - 27 = 0. Suppose b = 2*b + w. Let n(d) = d**3 - 2*d**2 - 2*d - 1. Calculate n(b).
-2
Let b(h) = 5*h**3 + 5*h**2 - 7*h - 1. Let t(s) = s**3 + s**2 - s. Suppose 3*f - 5 = -2*f. Let n(x) = f*b(x) - 6*t(x). Calculate n(0).
-1
Let u(m) be the first derivative of m**4/4 - m**3/3 - 3*m**2/2 + m + 3. Let k be u(2). Let c(b) = -3*b**2. Give c(k).
-3
Suppose -4*b = 3*w - 15, -2*b - w + 3 = -b. Let u(r) = 2 - b - 5 - 2*r + 7. Determine u(-2).
2
Let q(u) be the first derivative of 2*u**3/3 + 3*u**2/2 + 2*u + 1. Suppose 0 = -z + 4*s + 2, 4*z + 5*s + 9 = 2*z. Give q(z).
4
Let t(w) be the third derivative of w**5/60 - w**4/3 + w**3/6 - 8*w**2. Let f be 10/25 + (-66)/(-10). Let k be t(f). Let m(j) = -j - 3. Calculate m(k).
3
Let m(y) be the first derivative of -y**3/3 - 7*y**2/2 - 6*y - 2. Let c = -17 - -12. Calculate m(c).
4
Let v(w) = w**3 + 6*w**2 + 4*w - 2. Let y = 3 - -1. Suppose -5*g = -3*s - 13 - 13, y*g - s = 18. Suppose 2*u = -g*h - 14, 0 = h + u + 2. What is v(h)?
3
Let b be ((-2)/3)/((-4)/6). Let o = b - 2. Let x(c) be the second derivative of c**3/3 - 2*c. Give x(o).
-2
Let c be (-1 + -1)*(-3)/2. Let g(p) = -2*p**2 + c*p**2 + 3 - 6*p - 6. Give g(5).
-8
Let w(f) = -3 + 10 - 6 - 6*f - f**2 - 3. Calculate w(-6).
-2
Suppose -5*k + 3*k + q = -3, -3*k = -4*q + 3. Let r(i) = 4*i**3 - 4*i**2 - i + 1. Let o(s) = 5*s**3 - 4*s**2 - 2*s + 2. Let h(m) = -3*o(m) + 4*r(m). Give h(k).
-5
Let x(a) be the second derivative of -1/2*a**2 - 5/12*a**4 + 4*a + 2/3*a**3 + 1/20*a**5 + 0. Determine x(3).
-7
Let a(k) be the first derivative of 1/4*k**4 + k**2 + k + 4/3*k**3 - 4. Let o = 5 - 9. Calculate a(o).
-7
Let x = -55 + 79. Suppose -x = r - 5*c, -3*r + 0*c = -2*c + 7. Let i(w) = -9*w**3 - w**2 + 2*w - 1. Give i(r).
-9
Let p(q) = -3*q**3 - q**2 + 2*q - 1. Let t(h) = -10*h**3 - 3*h**2 + 6*h - 4. Let w(k) = k + 7. Let s be w(-5). Let l(d) = s*t(d) - 7*p(d). What is l(-2)?
-1
Let i(s) = s**2 + 2*s - 1. Let c = -1 + -3. Let j be (0 - -1)*(5 + c). Calculate i(j).
2
Let k(z) be the second derivative of 1/6*z**3 + 1/2*z**2 + 0 - 2*z + 1/8*z**4. Let w(j) be the first derivative of k(j). Determine w(-1).
-2
Let o(r) = r + 1. Let l = 13 - 11. Suppose -l = 2*f + 4. Calculate o(f).
-2
Let v(s) be the third derivative of s**6/120 + s**5/15 + s**4/24 - s**3/6 + 7*s**2. What is v(-3)?
5
Let x(y) = -y**3 - 7*y**2 + y + 5. Let d be x(-7). Let i(p) = p**2 + 2*p - 2. What is i(d)?
-2
Let z(y) = -7*y - 1. Let i be 12/(3*(-2)/(-6)). Suppose -m = -3*o - 5*m + 23, -i = -4*o + 4*m. Let p = -6 + o. Calculate z(p).
6
Suppose 6 = 2*m - 6*w + 2*w, -8 = -4*w. Let b(q) = 6*q - 9. Let a(t) = 5*t - 8. Let y(c) = m*a(c) - 6*b(c). What is y(-6)?
4
Let b(t) = t**3 + 4*t**2 - 4*t + 5. Let p be b(-5). Suppose p*d - 2*d = 5*u + 19, -3*u - 11 = d. Let a(f) = -f**3 - 3*f**2 + f - 2. Give a(u).
-5
Let l(w) be the third derivative of 0*w**3 - 5*w**2 - 1/12*w**4 + 0*w + 0. Give l(-3).
6
Let a = -17 - -17. Let p(w) = -4*w - w**2 + 3*w + 0*w**2 + 